1966?
18
What is the greatest common factor of 325 and 13520?
65
Calculate the greatest common divisor of 5 and 10005.
5
Calculate the highest common factor of 336 and 126.
42
Calculate the greatest common factor of 5053 and 3097.
163
Calculate the greatest common divisor of 14 and 343.
7
Calculate the highest common factor of 17 and 646.
17
Calculate the greatest common divisor of 111 and 148.
37
Calculate the highest common divisor of 63 and 1785.
21
Calculate the greatest common factor of 1526 and 210.
14
Calculate the greatest common divisor of 176 and 198.
22
What is the greatest common divisor of 15962 and 138?
46
What is the greatest common factor of 8 and 60?
4
What is the highest common divisor of 1464 and 48?
24
What is the greatest common divisor of 3634 and 368?
46
What is the highest common divisor of 248 and 1612?
124
What is the highest common factor of 20 and 620?
20
What is the highest common divisor of 7 and 1841?
7
What is the highest common divisor of 24 and 36?
12
Calculate the greatest common divisor of 80 and 64.
16
Calculate the greatest common factor of 3 and 27.
3
What is the highest common divisor of 12 and 5316?
12
What is the greatest common divisor of 135 and 27?
27
Calculate the highest common factor of 3 and 192.
3
Calculate the greatest common factor of 8 and 11.
1
What is the highest common divisor of 16 and 1328?
16
What is the highest common factor of 1 and 102?
1
What is the highest common factor of 2970 and 440?
110
What is the greatest common factor of 32 and 40?
8
Calculate the greatest common divisor of 16 and 576.
16
Calculate the highest common divisor of 6 and 38.
2
Calculate the greatest common factor of 60 and 12.
12
What is the greatest common factor of 45 and 23070?
15
What is the greatest common divisor of 27 and 8397?
27
What is the highest common divisor of 113 and 2825?
113
What is the greatest common factor of 46 and 4094?
46
Calculate the greatest common divisor of 9 and 10593.
9
What is the highest common factor of 7 and 15736?
7
What is the greatest common factor of 22 and 16?
2
Calculate the greatest common factor of 380 and 280.
20
Calculate the highest common factor of 621 and 46.
23
What is the highest common divisor of 476 and 980?
28
Calculate the greatest common factor of 1221 and 148.
37
Calculate the greatest common factor of 19 and 3781.
19
What is the greatest common factor of 280 and 1855?
35
What is the highest common divisor of 288 and 40?
8
Calculate the highest common factor of 18 and 606.
6
What is the highest common divisor of 2599 and 23?
23
What is the highest common factor of 6 and 722?
2
Calculate the greatest common factor of 8 and 293.
1
What is the highest common divisor of 36 and 72?
36
What is the greatest common factor of 416 and 4394?
26
What is the greatest common divisor of 265 and 1643?
53
What is the greatest common factor of 6862 and 292?
146
What is the highest common factor of 27944 and 112?
56
Calculate the greatest common factor of 200 and 1300.
100
Calculate the greatest common factor of 418 and 308.
22
Calculate the highest common factor of 697 and 17.
17
What is the greatest common factor of 10 and 5630?
10
What is the greatest common factor of 16 and 7184?
16
Calculate the greatest common factor of 1966 and 6.
2
Calculate the greatest common factor of 2320 and 2088.
232
Calculate the highest common divisor of 6688 and 266.
38
Calculate the highest common factor of 21888 and 128.
128
Calculate the highest common factor of 16299 and 18.
9
What is the greatest common factor of 1275 and 300?
75
Calculate the highest common divisor of 2233 and 3828.
319
Calculate the highest common factor of 1311 and 276.
69
What is the greatest common factor of 1362 and 42?
6
Calculate the highest common divisor of 134 and 14.
2
Calculate the greatest common divisor of 480 and 40.
40
What is the highest common factor of 390 and 90?
30
Calculate the greatest common divisor of 4 and 150.
2
What is the highest common factor of 56 and 136?
8
What is the greatest common factor of 10 and 7?
1
What is the greatest common divisor of 510 and 340?
170
What is the highest common divisor of 133 and 21?
7
Calculate the highest common factor of 518 and 222.
74
What is the greatest common divisor of 7110 and 36?
18
What is the highest common divisor of 19840 and 124?
124
What is the greatest common divisor of 616 and 1628?
44
What is the greatest common factor of 84 and 4740?
12
Calculate the greatest common factor of 40 and 64.
8
Calculate the highest common divisor of 84 and 324.
12
What is the highest common factor of 63 and 1449?
63
Calculate the highest common divisor of 115 and 621.
23
Calculate the highest common divisor of 143 and 11.
11
What is the greatest common factor of 34257 and 57?
57
Calculate the highest common divisor of 58 and 8.
2
Calculate the highest common divisor of 4598 and 38.
38
Calculate the greatest common factor of 124 and 310.
62
Calculate the highest common divisor of 224 and 7112.
56
What is the greatest common factor of 161 and 46?
23
Calculate the greatest common factor of 95 and 76.
19
Calculate the greatest common divisor of 242 and 88.
22
Calculate the highest common divisor of 6 and 22.
2
What is the highest common divisor of 44 and 319?
11
Calculate the greatest common divisor of 23760 and 27.
27
Calculate the highest common divisor of 64 and 512.
64
What is the highest common factor of 1903 and 99?
11
Calculate the greatest common divisor of 30 and 3090.
30
Calculate the highest common factor of 9617 and 177.
59
Calculate the greatest common divisor of 12606 and 44.
22
Calculate the highest common factor of 103 and 6901.
103
Calculate the highest common factor of 275 and 400.
25
What is the greatest common factor of 999 and 27?
27
What is the highest common factor of 220 and 27610?
110
What is the greatest common divisor of 5476 and 148?
148
Calculate the greatest common divisor of 10714 and 11.
11
Calculate the highest common factor of 140 and 6370.
70
What is the highest common divisor of 104 and 16?
8
Calculate the highest common factor of 232 and 40.
8
Calculate the highest common factor of 299 and 115.
23
Calculate the greatest common factor of 334 and 7181.
167
What is the highest common factor of 124 and 1426?
62
Calculate the greatest common factor of 244 and 1403.
61
What is the highest common divisor of 16 and 664?
8
Calculate the highest common divisor of 184 and 23.
23
Calculate the highest common divisor of 25 and 175.
25
Calculate the greatest common factor of 176 and 7172.
44
What is the greatest common factor of 98 and 637?
49
What is the highest common factor of 141 and 893?
47
Calculate the highest common factor of 144 and 656.
16
What is the highest common factor of 145 and 5?
5
Calculate the greatest common factor of 30 and 1630.
10
Calculate the greatest common factor of 121 and 11.
11
What is the greatest common divisor of 214 and 749?
107
Calculate the greatest common factor of 370 and 10.
10
What is the greatest common divisor of 20 and 4?
4
Calculate the highest common factor of 176 and 55.
11
Calculate the greatest common divisor of 13 and 299.
13
Calculate the greatest common divisor of 635 and 3048.
127
What is the highest common factor of 264 and 858?
66
Calculate the greatest common factor of 10760 and 40.
40
What is the highest common divisor of 72 and 4056?
24
Calculate the highest common factor of 36 and 108.
36
Calculate the highest common divisor of 207 and 18.
9
What is the greatest common divisor of 108 and 24?
12
Calculate the greatest common factor of 889 and 7.
7
What is the greatest common factor of 55 and 35?
5
Calculate the highest common factor of 87 and 8758.
29
Calculate the greatest common factor of 102 and 986.
34
Calculate the highest common divisor of 420 and 270.
30
What is the greatest common factor of 182 and 56?
14
Calculate the greatest common factor of 533 and 41.
41
What is the greatest common factor of 276 and 192?
12
What is the greatest common factor of 34 and 3?
1
What is the greatest common divisor of 60 and 12?
12
What is the highest common factor of 72 and 7824?
24
What is the greatest common divisor of 1431 and 53?
53
Calculate the highest common factor of 1900 and 100.
100